 + 157 = m*c + 57, -l = -3*c - 16. What is the tens digit of l?
1
Suppose 4*r - 6 = 5*b - 2*b, -b - 4*r = 2. Let i(f) = -f**3 + 2*f - 1. What is the units digit of i(b)?
3
Suppose -2*g + 16 = -4*r, 5*r - 4*r + 5*g = 18. What is the units digit of ((-21)/6 - r)*-6?
9
What is the hundreds digit of (-43)/(9/(-21) + 8/84)?
1
Let n be 6 - 3 - 4/(-2). Suppose s + 2*i = 8, -i = -n*s + 14 + 70. What is the units digit of s?
6
Let y = -2 + 3. What is the tens digit of 33/(-6)*(y - 3)?
1
Let p be 5 + 1 + -1 + 1. Let n be (6/5)/(p/20). Suppose k - n*k + 5 = -i, i - k + 1 = 0. What is the units digit of i?
1
Let z(d) = d**2 + 3*d - 7. Suppose 0 = 3*i + i + 20. Let a be z(i). Suppose 2*b = 4*m - 10, 6*m - a*m + b = 5. What is the units digit of m?
2
Suppose 3*s + 133 = 4*c - 2*c, c + 46 = -s. Let b = -31 - s. What is the tens digit of b?
1
Let s(a) = -a**3 - 4*a**2 - 4*a - 1. Let t be s(-3). Suppose -n - 11 = -5*k, -t*k - 8*n = -3*n - 26. What is the units digit of k?
3
Let q(t) = 3*t**2 + 15*t - 31. What is the units digit of q(7)?
1
Suppose -16 + 4 = -3*y. Suppose -3*u + y*u = -f + 3, -4*f = -5*u + 60. Suppose 0*l - u = -l. What is the units digit of l?
8
Suppose -t = -2 - 1. Let n be (2/6)/(t/18). Suppose s - 2*o = 4, -n*s + o + o + 8 = 0. What is the units digit of s?
4
Let g(i) be the second derivative of i**4/12 + 2*i**3/3 + 3*i**2 - i. Let h be g(-5). Suppose 0*w = 5*y + w - h, -5*w + 9 = 2*y. What is the units digit of y?
2
Let v(n) be the third derivative of -n**6/120 - n**5/30 - n**4/12 - 5*n**3/6 - 2*n**2. What is the tens digit of v(-4)?
3
Suppose 0 = 5*x + 5*y - 205, -4*x + 118 = -y - 31. What is the units digit of x?
8
Let x(n) = -4*n - 5. Suppose -3*c = 3*s + 9, c + 2*c + 13 = -4*s. What is the units digit of x(s)?
1
Let y(w) = -2*w**2 + w + 6. Let t(u) = 2*u**2 - u - 5. Let k(p) = 7*t(p) + 6*y(p). Let m = 2 + 0. What is the units digit of k(m)?
7
Let u(r) be the second derivative of r**4/12 - 2*r**3/3 + 4*r. Suppose -3*k = -5*k + 10. What is the units digit of u(k)?
5
What is the tens digit of 1/(3 - 440/148)?
3
Let u be 45/2 + (-1)/(-2). Suppose w = -0*w + 3*t + 12, 0 = -3*w - 4*t + u. What is the units digit of w?
9
What is the units digit of 114/14 - 4/28?
8
Let p(x) = 3*x**3 - 3*x**2 + x. Let g be p(2). Suppose 3*v = k - g, -2*v + 6*v + 24 = 2*k. What is the units digit of k?
8
Let l = 13 - 13. Let a = 150 + -100. Suppose l = -4*d + 9*d - a. What is the units digit of d?
0
Suppose -37 = -2*q - 4*i + 11, -48 = -2*q - i. What is the tens digit of q?
2
Suppose -2*x = r + 4*r - 11, -x + 1 = 4*r. What is the tens digit of x?
1
Suppose 0 = 3*a + 15 - 42. Suppose a*c = 5*c + 96. What is the units digit of c?
4
Suppose -2*l = -38 - 20. Let h = -22 + l. What is the units digit of h?
7
Suppose 24 - 4 = -4*m. Let b = m - -21. What is the units digit of b?
6
Let d(z) = 7*z - 4. What is the tens digit of d(8)?
5
Suppose -j - 30 = j. What is the units digit of (j/6)/((-1)/2)?
5
Let v be -1 + 0 - (-1 + -4). What is the tens digit of v/(-10) + 214/10?
2
Suppose 5*m - 2*w - 294 = 70, -12 = -4*w. What is the tens digit of m?
7
Let o = -90 + 175. What is the tens digit of o?
8
Let y(f) = f**3 - f**2 + f + 3. Suppose 5*a + 0*a - 3*b - 5 = 0, 3*a = -b + 17. Suppose -a*g = g. What is the units digit of y(g)?
3
Let h be 13 - 2*(-2 - -3). Suppose -a + h = -5*n, 0 = -2*a - 4*n + 4 + 4. What is the units digit of a?
6
Let o(z) = 6*z**2 - 3*z. Let x be o(-4). Suppose -3*t - 2*t + x = 4*g, -5*g + 135 = t. What is the tens digit of g?
2
Let c(g) = g**3 + g**2 + 1. Let x(f) = -3*f**3 - 4*f**2 - 2*f. Let m(q) = -4*c(q) - x(q). What is the units digit of m(-3)?
7
Suppose 87 = 2*t + 3*h, 0*h = -4*t - 3*h + 183. What is the units digit of t?
8
Suppose -2*m - 6*j + 2*j = -10, -12 = -3*j. Let i = m - -1. What is the units digit of 5 - 3/(6/i)?
6
Let p(t) be the third derivative of t**4/8 - t**3/6 - 3*t**2. What is the units digit of p(3)?
8
Let d(s) = -4*s - 1. What is the tens digit of d(-3)?
1
Suppose 0*d + 5*d - 2*m = 1, 0 = 4*d - 2*m. Let s be d*(-3 + 1)*1. Let k = s + 16. What is the units digit of k?
4
Suppose 2*j = -0*j + 80. What is the units digit of j?
0
Let h be 4*((-5)/2)/(-5). What is the units digit of ((-6)/(-9))/(h/3)?
1
Let g(n) = -n**3 - 2*n**2 - 3*n - 3. Let h be g(-2). Suppose -6 = h*c - 27. Suppose 2*m = c + 13. What is the tens digit of m?
1
What is the units digit of 64/10 - (-6)/10?
7
Suppose -6*r + 1496 = 4*u - 10*r, -2*u + 746 = -3*r. What is the hundreds digit of u?
3
Let c be (-4)/6 + (-47)/(-3). Suppose -n = 4*n - c, -3*v - 4*n + 21 = 0. Let w = 8 - v. What is the units digit of w?
5
Let x(d) = -2*d**3 + 13*d**2 + 4*d - 4. What is the units digit of x(6)?
6
Let n = 38 - 26. What is the units digit of n?
2
Suppose l + 3*a + 4 = 0, -4*a = -4*l + 10 + 6. What is the units digit of (-94)/(-4) - 1/l?
3
Let c(k) be the third derivative of -k**4/24 + k**3 + k**2. Suppose 0 = 5*m - 7*m. What is the units digit of c(m)?
6
Suppose -18 = -5*d - 2*u, 3*d + 2 = 2*u - 0. Let x = 1 + d. Suppose 5*m = -n + 79, m + x*n = 2*m - 19. What is the units digit of m?
6
Suppose 0 = -2*c + 3 + 1. Suppose -15 + 0 = -5*o, s + c*o = 13. Let j(u) = 3*u - 8. What is the tens digit of j(s)?
1
Let c(f) = -19*f. What is the tens digit of c(-3)?
5
Let a(b) = 2*b**2 + b - 4. What is the tens digit of a(-4)?
2
Let x be (-4 - (-1 + 0)) + 5. What is the units digit of (-1)/x + 78/4?
9
Let j = -11 + 11. Let n(d) = d**3 + d**2 + d + 23. What is the tens digit of n(j)?
2
Let q be -6 + 3 - (-9)/1. Let x = 4 + q. What is the units digit of x?
0
Let t(a) = -a**3 + 3*a + 1. What is the units digit of t(-2)?
3
What is the tens digit of (22/4)/(10/580)?
1
Let h be (-2)/((-1)/10*2). What is the tens digit of (-3)/5 + 456/h?
4
Let q = 7 + -6. Let o be q/(0 - 2/(-8)). Suppose 4*p = -2*a + 68, -3*p + 0*a = -o*a - 51. What is the tens digit of p?
1
Let q(v) = 41*v**2 - 1. Let i be q(1). Suppose 4*y - i = -3*s, -4*s + 4*y - 11 = -83. What is the tens digit of s?
1
Let u(m) = 2*m**2 + 6*m + 1. What is the units digit of u(4)?
7
Let u(b) be the second derivative of 1/12*b**4 - 4*b + 0*b**3 + 17/2*b**2 + 0 - 1/20*b**5. What is the tens digit of u(0)?
1
Let k = 21 + -30. Let d = k + 3. Let p = -4 - d. What is the units digit of p?
2
Suppose 0 = -m + x - 7 + 2, -2*x = -4*m - 10. Suppose m = 2*v + 2*v. Let g = 2 - v. What is the units digit of g?
2
Let x(w) = 9*w - 2. Let u be x(2). What is the units digit of u/40 - (-18)/5?
4
Let n = -43 + 84. What is the units digit of n?
1
Suppose 9*c = -404 + 1664. What is the tens digit of c?
4
Suppose -2*x - 20 = 2*x, -2*x = 2*v - 40. What is the tens digit of v?
2
Let z(j) = 5*j**2 + j + 1. Let i = 3 - 4. What is the units digit of z(i)?
5
Suppose 9*g - 6*g - 243 = 0. What is the tens digit of g?
8
What is the units digit of (1 + 3)/(-4)*-9?
9
Let h(g) = -2*g - 6. Let j = 16 - 11. Suppose p = -j - 1. What is the units digit of h(p)?
6
Suppose 4*l + 4*n - 1260 = 0, -1260 = -6*l + 2*l - 5*n. What is the units digit of l?
5
Let a(u) = -3*u - 2. Let v be a(3). Let h = v + 15. Suppose 2*x + 10 = -5*o + h, 4*x = 5*o + 48. What is the units digit of x?
7
Suppose -1 = 5*c - 26. Suppose 0 = -2*o + 1 + c. Let n = o + 0. What is the units digit of n?
3
Let v(i) = -i**3 - 6*i**2 - 2*i - 2. Let f be v(-6). Let n = f - 7. Suppose -n*h + 29 = -10. What is the tens digit of h?
1
Let b(s) = s + 15. Let h be b(-14). Let c(n) = -n - 2. Let o be c(-3). What is the units digit of 3/h - (o + -4)?
6
Let j = -5 - -8. Suppose -3*d + 1 = j*l + 10, 16 = -4*d. Let u = 7 - l. What is the units digit of u?
6
What is the units digit of 14*(-1 + (-9)/(-6))?
7
Suppose -4*v = -2*m - 224, -m + 38 = v + 3*m. Suppose 3*a - 2*p - p = v, -2*a = 5*p - 1. What is the units digit of a?
3
Let z(i) = -i**3 - 4. What is the hundreds digit of z(-5)?
1
Suppose -2 = 4*l - 2*l + n, 0 = 2*l - 2*n + 2. What is the units digit of ((2 - l)*3)/1?
9
Suppose 0 = 4*o - 488 + 128. What is the tens digit of o?
9
Let k = 1 + 6. Suppose k = 3*n - 32. What is the units digit of n?
3
Let y(r) = -3*r**3 + 4*r**2 + 5*r + 4. What is the tens digit of y(-2)?
3
Let i = -7 - -62. Suppose -2*z - 3*z + i = 0. What is the tens digit of z?
1
Suppose -5*r + r + 16 = 0. Suppose -k + u - 1 = -u, -5*k - r*u - 5 = 0. What is the unit